 12) + (1 - -4)?
-9
What is 1 + (-1 - 8) - (3 + -4 + 5)?
-12
What is (23 - ((-2 - 0) + 1)) + (-1265 - -1260)?
19
Evaluate 8 + (-9 + 16 + -2 - 19).
-6
Calculate 13 - (-15 + 22 - -10 - -23).
-27
What is 0 - ((0 + 2 - -10) + (-629 - -621))?
-4
What is 17 + 20 + (-25 - -1 - -9)?
22
Calculate 2 + 8 - (9 + -3 - (5 + 0)).
9
Evaluate (-5 - -1) + -26 + (7 - -3) + -2.
-22
What is the value of 18 - (21 + -11 + 3 - 3)?
8
Calculate (-6 - (19 - 9)) + 4.
-12
Evaluate -12 - (-3 - 4 - 11).
6
Calculate 15 + 34 + -6 + 4 + -12.
35
Calculate 9 - (7 + (-8 - 5 - -7)).
8
Evaluate 3 + 7 - (47 - 66).
29
54 + -65 + (0 - -16)
5
Evaluate (-17 - -18) + -10 - 10.
-19
10 + (-13 - (-11 - 3))
11
Calculate -2073 - -2115 - (7 - -1).
34
What is the value of -1 - 1 - -3 - (-8 + 3) - -5?
11
What is the value of (7 + 11 - 26) + 15?
7
What is (22 - 38) + 12 + (0 - -3) + 1?
0
What is 11 - (4 + 2) - (7 + -10 - 4)?
12
What is -5 - (3 - (1 + 16 - (8 - 9)))?
10
What is 0 + -40 + 22 - -21?
3
Evaluate (1 + 4 - -28) + (54 - 70).
17
Calculate -4 + (-11 - -14) - (14 - (3 + -4)).
-16
What is -21 + (-21 - -44) + (4 + 17 - 4)?
19
What is the value of 2 + -2 + (4 - 7) + 6?
3
What is 148 + -158 + (15 - 0) - 9?
-4
-2 + 9 + (1 - (52 - 64))
20
-7 - (10 + -7 + 2)
-12
Calculate 9 + 4 - (-5 + -2 + 3).
17
What is the value of -176 + 173 - (0 - 1) - -3?
1
Evaluate -61 + 57 + (-2 - (-2 + -7)) + -5.
-2
Evaluate (137 - 91) + -38 + (-37 - -1).
-28
Calculate 8 - ((10 - (25 + -4)) + 12).
7
-3 - (4 + (6 - 5)) - 3
-11
What is 2571 - 2575 - (13 - (3 + -1 + 0))?
-15
(-10 - (1 + -3)) + 2 + 2 + 2
-2
(15 + 9 - 15) + 1
10
Evaluate (-49 + 5 - -4) + 26.
-14
-3 - (-22 + -1 + 28 - (30 + -1))
21
Evaluate (-8 - (15 - 24 - -1)) + 5.
5
What is 1 + (7 - 1) + (-10 - -1 - 1)?
-3
Calculate (-4 - 28) + 34 + (-24 - -1).
-21
Evaluate -2 + -3 - -1 - (34 - (17 - -10)).
-11
Calculate -35 - ((-28 - -2) + 16).
-25
Calculate -18 + (-7 - (-9 - (17 + -10 - -2))).
-7
What is -4 - (6 - ((1 - 6) + (18 - 18)))?
-15
What is 6 + -10 + 16 + 7?
19
Calculate (12 - (-9 - -15)) + (-7 - (-2 + 1)).
0
Calculate -4 + (-5 - -17) + -4 - 5.
-1
Evaluate 15 - ((-13 - -3) + 18).
7
What is 2 + -16 - ((35 - 67) + 19)?
-1
What is the value of -13 + 26 - 26 - 10?
-23
Calculate 21 + -69 + 32 + -18.
-34
What is -11 + 27 - 24 - (-2 + -7) - 23?
-22
2 + 20 + -2 + -21 + 1 + 14
14
Calculate (-5 - 2) + 55 + -65 + 26.
9
What is the value of (-2 - 5) + (3 - (-13 - -3))?
6
Calculate 11 + 6 + -28 + -10.
-21
Calculate (7 - 31) + (7 + (-7 - -1) - -7).
-16
-24 + (7 - -1) + (17 - 11)
-10
What is the value of -131 + 133 + -2 + 3 + -2 - -31?
32
What is (0 - (-9 + 1)) + (-120 - -65 - -64)?
17
What is -15 + 4 + 12 + -9 - -1?
-7
Calculate (3 + 1 - 3 - (-224 + 202)) + -2.
21
Evaluate 17 + -1 + -6 + 11.
21
Evaluate (-13 - -14 - 5) + -6 + 1 + 4.
-5
Calculate (-20 - (2 - (16 + 7))) + (-1 - -3).
3
What is -17 - (-21 - (-10 + 0) - -3)?
-9
Calculate (38 - 35) + (-5 - 2) + -1.
-5
What is 9 + 0 - (48 - (36 + -5))?
-8
What is the value of 10 + -31 - (0 + -13)?
-8
Calculate 34 - 38 - (-2 - (1 + (4 - 7))).
-4
Evaluate 21 + (-7 + 13 - 38).
-11
Evaluate (23 - 18) + -16 + -5 + 11.
-5
-1 + -6 + 53 + -34 + 19
31
What is the value of (10 + -8 - (10 + -6)) + 6?
4
Calculate -9 + 9 + -1 + -2 + -12 + 9.
-6
Calculate -19 - ((4 - 11) + -6).
-6
(24 - 13) + (-51 - (0 - 14))
-26
Calculate -1 + (8 - -6) + -11.
2
Evaluate (15 - 9) + 6 + (-5 - 1 - -2).
8
(44 - 3) + (11 - 26)
26
Evaluate (13 - 0) + (0 - (1 + -11) - 16).
7
Calculate 7 + (12 - 16) + 15 - -5.
23
Evaluate 20 - (24 - 20) - 0.
16
80 + -89 + -1 + 30
20
-9 - (-65 - -56 - (-1 - -12))
11
Calculate 2 + -7 + (-9 + -10 - -31).
7
-9 + (5 - 0) - (-11 + 19)
-12
What is -88 + 42 + 54 - (1 - -14)?
-7
Calculate 2 - (-66 + 25 - -27).
16
Evaluate -13 + 8 + 19 + -11.
3
5 + (16 + -30 - 14)
-23
Calculate 13 - (-10 - (7 - (-7 - -27))).
10
-24 + 11 - -13 - -8
8
What is -1 + 1 + -6 + (26 - -5)?
25
Calculate 6 + 5 + -5 + -9 + 6.
3
Calculate 2 + 11 - (5 + -6 + 8).
6
What is 14 + -1 - (19 + 48 + -41)?
-13
Evaluate -9 - ((4 - 10) + 4 - 0).
-7
What is -6 + (6 - (4 - (0 + 1)))?
-3
Evaluate (-6 - (9 + -20)) + 4.
9
-2 - 11 - (-13 + (1 - 8))
7
What is -11 + -9 + (-15 - -24)?
-11
What is 0 - (-36 - -34 - (6 - -4))?
12
What is the value of -43 - 34 - -52 - (-5 + (0 - -1))?
-21
Calculate 0 - (-5 + (-2 - -2) + 3 - -5).
-3
Evaluate -16 - -19 - ((14 - (3 - 0)) + 0).
-8
What is the value of (-8 - 5) + 17 - 3 - 1?
0
What is the value of 9 - (10 + -24) - 13?
10
Calculate (13 + -7 - (3 - 10 - 0)) + -1.
12
Evaluate 9 - (-16 + 6 - -23).
-4
What is 1 + 10 + 6 + 5 + 3 + -16?
9
1 + (3 - -3) + (-23 - -3)
-13
Evaluate 7 + (-3 - 5) - -1 - 2.
-2
Calculate (4 - (-5 + 3 - -8)) + -5.
-7
6 - (9 - (12 + -7 + 13))
15
Calculate 0 + (1 - (-4 + 4)) + -7 + -1.
-7
-2 - ((-33 - -16) + (-1 - 1) + 7)
10
Evaluate 13 - (29 - (31 + -26)).
-11
Evaluate 0 - 4 - (270 + -266).
-8
Evaluate 37 + -2 - (-104 + 116).
23
What is -2 + 1 + 2 + 11 - 34?
-22
Evaluate -6 - (-15 - -16) - (-25 - -3 - 1).
16
Evaluate -3 + 52 - (21 + 20).
8
Calculate (5 - 0) + 4 + (-19 - -3) - -6.
-1
What is the value of 16 - (9 + -2) - 16?
-7
-2 + -1 + 7 + -1 - (10 + -30)
23
What is the value of 9 + 5 - (12 + -7 - 7)?
16
What is (-9 - -10) + (-16 - 0)?
-15
Calculate 3 + -4 + 18 + -7 + -4.
6
Calculate -2 + 11 - (-10 + 38 + 2).
-21
Calculate 7 + 15 + (2 - 9 - 21).
-6
Evaluate (-17 - (-6 - 10)) + 14.
13
5 + (47 - 21 - 19)
12
-177 - -181 - (2 - -11)
-9
Calculate (3 + -1 - 27) + 6 + (-16 - -16).
-19
-28 + (14 - (-6 + 3))
-11
Evaluate -22 + -14 + 28 + -12.
-20
What is the value of 41 - (30 + -19) - (0 - -11)?
19
Calculate -14 - 3 - -10 - -14.
7
Calculate -6 + (2 + -3 - -4) + -16 + 16.
-3
Calculate -9 + (-37 + 43 + (-1 - 9) - -3).
-10
What is (29 - 29) + (-49 - -21) + 1 + 3?
-24
-114 + 122 + -23 + -2 + 4
-13
What is -2 + 2 + 6 - (-7 + (14 - 5))?
4
What is (-6 - (-3 + 1)) + 11 - (-92 + 94)?
5
What is the value of 5 - (11 - 6 - -5) - (2 + -21)?
14
Evaluate 7 + (10 - (-11 - -38)).
-10
Evaluate 5 + 1 - (13 + (-20 - -4)).
9
What is the value of -13 - (5 + 3) - -27?
6
Evaluate (1 - 0) + 37 + -19 + -23.
-4
What is -41 - (2 + (-27 - 2))?
-14
What is the value of 24 - (12 - -2 - -26)?
-16
What is the value of 5 + (24 - 20) + 1?
10
Calculate 0 + -11 + 2 + -49 + 49 - -5.
-4
What is the value of 12 + -23 - -26 - 0?
15
What is the value of -1 - (13 - (32 + -11))?
7
Evaluate 3 - (-7 - (-2 + -11 + 2)).
-1
Evaluate 0 - (4 + (3 - (7 + -2))) - -7.
5
28 + 3 + -29 - (0 + -2 + 4)
0
-39 - -3 - (-164 - -151)
-23
Evaluate -19 + 0 + (11 - (-1 - (-10 + -6))).
-23
What is 15 + -3 + (-1 - (-7 - -4) - 2)?
12
What is the value of -21 + -14 + 35 + -10?
-10
12 - (9 - (15 + -3 + -3))
12
(11 + -14 - 0 - -7) + 2 + -1
5
Calculate (-12 - 2) + 3 + -2 + (7 - 0).
-6
Evaluate -11 - (4 + -15 + 2).
-2
Calculate -3 + 0 + (-31 - -29 - (3 - 7)).
-1
What is the value of 27 + -54 + 31 + 18?
22
Evaluate -5 - (0 + 14 + 8).
-27
-10 + (8 - 3) - (14 + -12)
-7
What is 2 - (14 + -34 - (-2 + -6))?
14
What is the value of -10 + 5 + -5 + 9 + 12?
11
-14 + (3 + -13 - (-14 + 4)) + -4
-18
What is 3 + -28 - (-29 - -15)?
-11
-1 + (-15 - -18 - -10) - -8
20
Calculate (14 - (-12 + 17)) + (3 + -7 - 1).
4
Calculate -17 - -17 - (-2 + -7 - -1) - 23.
-15
3 - (-6 - 18) - 47
-20
Evaluate 52 + -37 - (3 - 1) - (0 + 3).
10
Evaluate -27 - (-44 - -12) - (-12 - -2).
15
What is 13 - 3 - (16 + -8)?
2
0 + 0 + (1 - -2) + 240 + -231
12
Evaluate (23 - 2 - 14) + -10 + -6.
-9
Evaluate (17 - (-17 + 8 + 43)) + -11.
-28
Evaluate -26 - (2 + -16) - -11.
-1
Calculate 0 + -6 + -21 + 15.
-12
What is (-3 - -5 - 3) + 0 + (21 - 5)?
15
-18 + 40 + -45 - (-1 + -4)
-18
What is -24 + 20 + -7 + 28?
17
Evaluate (9 - -58 - 76) + -21 + -1.
-31
3 - (-2 - -4 - 2 - (-160 - -148))
-9
What is (-1 - 5) + (9 + -15 - -21) + -17?
-8
Evaluate 2 + (-21 - (3 - (-3 + 7))).
-18
What is the value of (9 - 14) + 7 + -3 + -7?
-8
Evaluate (3 - (6 - 2)) + -3 - (19 - 23).
0
What is (3 - -1 - -5 - 4) + -144 + 141?
2
Calculate 2 + -12 + (39 - 24).
5
17 + -2 - (-16 - -18 - 0)
13
Calculate -13 - (-36 - (-23 + 12 + 2)).
14
Evaluate (693 - 685) + (2 + (-2 - -1) - 7).
2
-6 + -1 - (10 - 1 - 16)
0
Calculate 4 - 1 - (-124 + 106).
21
What is -4 + (1 - (12 - (-7 + (2 - -15))))?
-5
19 + (10 - 21) - (1 + 3 - -18)
-14
What is 3 + 25 + 121 + -136?
13
What is -4 + 3 - (5 + (9 - (6 - -2)))?
-7
Evaluate